{"id":1936,"date":"2017-06-07T17:19:28","date_gmt":"2017-06-07T17:19:28","guid":{"rendered":"http:\/\/themeforest.unitedthemes.com\/wpversions\/brooklyn\/xml\/original\/?page_id=7"},"modified":"2024-11-04T08:11:39","modified_gmt":"2024-11-04T08:11:39","slug":"front-page","status":"publish","type":"page","link":"https:\/\/niokommunikation.se\/","title":{"rendered":"Home"},"content":{"rendered":"<div class=\"wpb-content-wrapper\"><p>[vc_section][vc_row bklyn_section_anchor_id=&#8221;om&#8221;][vc_column]<div class=\"wpb_content_element \"><style type=\"text\/css\">#ut_header_69e88c9e72909 h2.section-title { font-size:40px !important;letter-spacing:-0.03em; }<\/style><header id=\"ut_header_69e88c9e72909\" class=\"section-header  ut-no-title-linebreak-mobile ut-no-lead-linebreak-mobile pt-style-1 header-left header-tablet-left header-mobile-center\"><h2 data-title=\"NIO KOMMUNIKATION \u2013 NATURSPECIALISTER\"  data-responsive-font=\"section_title\" data-responsive-font-settings=\"{&quot;base-font-size&quot;:&quot;global&quot;,&quot;font-size&quot;:{&quot;desktop_large&quot;:&quot;40&quot;},&quot;base-line-height&quot;:&quot;global&quot;,&quot;base-letter-spacing&quot;:&quot;global&quot;,&quot;letter-spacing&quot;:{&quot;desktop_large&quot;:&quot;-0.03&quot;}}\" class=\"bklyn-divider-styles bklyn-divider-style-1 section-title \"><span>NIO KOMMUNIKATION \u2013 NATURSPECIALISTER<\/span><\/h2><div data-delay=\"0\" class=\"lead \"><p>Vi \u00e4r en <b>kreativ kommunikationsbyr\u00e5<\/b> med l\u00e5ng erfarenhet av att skapa relevant inneh\u00e5ll och effektiv kommunikation inom alla slags branscher.<br \/>\nDagligen skapar vi nytta genom copywriting, reportage, foto, film, inneh\u00e5ll f\u00f6r sociala medier och webbproduktion.<\/p>\n<p>Inom f\u00e4ltet natur och milj\u00f6, vatten- och fiskev\u00e5rd, samt sportfiske har vi en sv\u00e5rslagen erfarenhet. Naturrelaterade kommunikationsuppdrag \u00e4r helt enkelt en specialnisch, men vi jobbar mer \u00e4n g\u00e4rna med alla slags f\u00f6retag och organisationer \u00f6ver hela landet.<\/p>\n<p>Oavsett \u00e4mnesomr\u00e5de \u2013 vi \u00e4r alltid m\u00e5na om att skapa anv\u00e4ndbara och verkningsfulla avtryck. D\u00e4rf\u00f6r har vi ocks\u00e5 t\u00e4ta samarbeten med specialister inom grafisk design, tryck och \u00f6vrig marknadsf\u00f6ring.<\/p>\n<\/div><\/header><\/div>[\/vc_column][\/vc_row][vc_row][vc_column width=&#8221;1\/3&#8243;]<div class=\"wpb_content_element \"><style type=\"text\/css\">#ut_header_69e88c9e765e7 h2.section-title { font-size:40px !important;letter-spacing:-0.03em; }<\/style><header id=\"ut_header_69e88c9e765e7\" class=\"section-header  ut-no-title-linebreak-mobile ut-no-lead-linebreak-mobile pt-style-1 header-left header-tablet-left header-mobile-center\"><h2 data-title=\"TEXT\"  data-responsive-font=\"section_title\" data-responsive-font-settings=\"{&quot;base-font-size&quot;:&quot;global&quot;,&quot;font-size&quot;:{&quot;desktop_large&quot;:&quot;40&quot;},&quot;base-line-height&quot;:&quot;global&quot;,&quot;base-letter-spacing&quot;:&quot;global&quot;,&quot;letter-spacing&quot;:{&quot;desktop_large&quot;:&quot;-0.03&quot;}}\" class=\"bklyn-divider-styles bklyn-divider-style-1 section-title \"><span>TEXT<\/span><\/h2><div data-delay=\"0\" class=\"lead \"><p>Vi skriver med gl\u00f6d. Vi g\u00f6r artiklar och reportage, skapar slagkraftig copywriting och justerar befintliga texter. Vi skapar inneh\u00e5ll f\u00f6r sociala medier, SEO-anpassar texter och tr\u00e4ffar r\u00e4tt med tonalitet och omf\u00e5ng. Texten \u00e4r den viktiga budb\u00e4raren, den \u00e4r l\u00e4nken till mottagaren. V\u00e5ra texter g\u00f6r skillnad. <\/p>\n<\/div><\/header><\/div>[\/vc_column][vc_column width=&#8221;1\/3&#8243;]<div class=\"wpb_content_element \"><style type=\"text\/css\">#ut_header_69e88c9e76f4a h2.section-title { font-size:40px !important;letter-spacing:-0.03em; }<\/style><header id=\"ut_header_69e88c9e76f4a\" class=\"section-header  ut-no-title-linebreak-mobile ut-no-lead-linebreak-mobile pt-style-1 header-left header-tablet-left header-mobile-center\"><h2 data-title=\"FOTO\"  data-responsive-font=\"section_title\" data-responsive-font-settings=\"{&quot;base-font-size&quot;:&quot;global&quot;,&quot;font-size&quot;:{&quot;desktop_large&quot;:&quot;40&quot;},&quot;base-line-height&quot;:&quot;global&quot;,&quot;base-letter-spacing&quot;:&quot;global&quot;,&quot;letter-spacing&quot;:{&quot;desktop_large&quot;:&quot;-0.03&quot;}}\" class=\"bklyn-divider-styles bklyn-divider-style-1 section-title \"><span>FOTO<\/span><\/h2><div data-delay=\"0\" class=\"lead \"><p>Fotografering \u00e4r mycket mer \u00e4n korrekt exponering och r\u00e4tt vinkel. \u00c4mneskunskap, engagemang och timing g\u00f6r bilden till en oslagbar f\u00f6rmedlare av k\u00e4nsla och inneh\u00e5ll. Vi fotograferar och skapar bilder med ett enda m\u00e5l: att bilden f\u00f6rmedlar och kommunicerar r\u00e4tt saker. Naturmilj\u00f6er, personportr\u00e4tt och nerslag i verkligheten \u00e4r v\u00e5r vardag. <\/p>\n<\/div><\/header><\/div>[\/vc_column][vc_column width=&#8221;1\/3&#8243;]<div class=\"wpb_content_element \"><style type=\"text\/css\">#ut_header_69e88c9e7799f h2.section-title { font-size:40px !important;letter-spacing:-0.03em; }<\/style><header id=\"ut_header_69e88c9e7799f\" class=\"section-header  ut-no-title-linebreak-mobile ut-no-lead-linebreak-mobile pt-style-1 header-left header-tablet-left header-mobile-center\"><h2 data-title=\"FILM\"  data-responsive-font=\"section_title\" data-responsive-font-settings=\"{&quot;base-font-size&quot;:&quot;global&quot;,&quot;font-size&quot;:{&quot;desktop_large&quot;:&quot;40&quot;},&quot;base-line-height&quot;:&quot;global&quot;,&quot;base-letter-spacing&quot;:&quot;global&quot;,&quot;letter-spacing&quot;:{&quot;desktop_large&quot;:&quot;-0.03&quot;}}\" class=\"bklyn-divider-styles bklyn-divider-style-1 section-title \"><span>FILM<\/span><\/h2><div data-delay=\"0\" class=\"lead \"><p>Film \u00e4r den nya tidens sj\u00e4lvklara inneh\u00e5ll i alla kanaler. Film bidrar till ett levande fl\u00f6de p\u00e5 webben och i sociala medier. R\u00f6rlig media skapar uppm\u00e4rksamhet och intresse. Vi framst\u00e4ller filmer i r\u00e4tt format, anpassat f\u00f6r r\u00e4tt kanal och utnyttjar modern teknik f\u00f6r att leverera h\u00f6gkvalitativa produktioner. Naturlig urkraft i koncentrat. <\/p>\n<\/div><\/header><\/div>[\/vc_column][\/vc_row][vc_row][vc_column]<div class=\"wpb_content_element \"><style type=\"text\/css\">#ut_header_69e88c9e7830a h2.section-title { font-size:40px !important;letter-spacing:-0.03em; }<\/style><header id=\"ut_header_69e88c9e7830a\" class=\"section-header  ut-no-title-linebreak-mobile ut-no-lead-linebreak-mobile pt-style-1 header-left header-tablet-left header-mobile-center\"><h2 data-title=\"WEBB &amp; SOCIAL MEDIA\"  data-responsive-font=\"section_title\" data-responsive-font-settings=\"{&quot;base-font-size&quot;:&quot;global&quot;,&quot;font-size&quot;:{&quot;desktop_large&quot;:&quot;40&quot;},&quot;base-line-height&quot;:&quot;global&quot;,&quot;base-letter-spacing&quot;:&quot;global&quot;,&quot;letter-spacing&quot;:{&quot;desktop_large&quot;:&quot;-0.03&quot;}}\" class=\"bklyn-divider-styles bklyn-divider-style-1 section-title \"><span>WEBB &amp; SOCIAL MEDIA<\/span><\/h2><div data-delay=\"0\" class=\"lead \"><p>Den digitala v\u00e4rlden \u00e4r st\u00e4ndigt i f\u00f6r\u00e4ndring. Vi skapar och f\u00f6rvaltar funktionella webbplatser, fyller de sociala mediernas fl\u00f6den med r\u00e4tt inneh\u00e5ll och ser till att fokus f\u00f6r kommunikationen \u00e4r effektivitet och tydlighet. Med r\u00e4tt insatser till r\u00e4tt m\u00e5lgrupp skingrar vi bruset. Text, bild, film och samverkar f\u00f6r att skapa engagemang. <\/p>\n<\/div><\/header><\/div>[\/vc_column][\/vc_row][\/vc_section]<\/p>\n<\/div>","protected":false},"excerpt":{"rendered":"<p>[vc_section][vc_row bklyn_section_anchor_id=&#8221;om&#8221;][vc_column][\/vc_column][\/vc_row][vc_row][vc_column width=&#8221;1\/3&#8243;][\/vc_column][vc_column width=&#8221;1\/3&#8243;][\/vc_column][vc_column width=&#8221;1\/3&#8243;][\/vc_column][\/vc_row][vc_row][vc_column][\/vc_column][\/vc_row][\/vc_section]<\/p>\n","protected":false},"author":1,"featured_media":0,"parent":0,"menu_order":0,"comment_status":"closed","ping_status":"closed","template":"","meta":{"footnotes":""},"class_list":["post-1936","page","type-page","status-publish","hentry"],"_links":{"self":[{"href":"https:\/\/niokommunikation.se\/index.php\/wp-json\/wp\/v2\/pages\/1936","targetHints":{"allow":["GET"]}}],"collection":[{"href":"https:\/\/niokommunikation.se\/index.php\/wp-json\/wp\/v2\/pages"}],"about":[{"href":"https:\/\/niokommunikation.se\/index.php\/wp-json\/wp\/v2\/types\/page"}],"author":[{"embeddable":true,"href":"https:\/\/niokommunikation.se\/index.php\/wp-json\/wp\/v2\/users\/1"}],"replies":[{"embeddable":true,"href":"https:\/\/niokommunikation.se\/index.php\/wp-json\/wp\/v2\/comments?post=1936"}],"version-history":[{"count":26,"href":"https:\/\/niokommunikation.se\/index.php\/wp-json\/wp\/v2\/pages\/1936\/revisions"}],"predecessor-version":[{"id":1984,"href":"https:\/\/niokommunikation.se\/index.php\/wp-json\/wp\/v2\/pages\/1936\/revisions\/1984"}],"wp:attachment":[{"href":"https:\/\/niokommunikation.se\/index.php\/wp-json\/wp\/v2\/media?parent=1936"}],"curies":[{"name":"wp","href":"https:\/\/api.w.org\/{rel}","templated":true}]}}